et b be u(-5). Let i be (5 + b)*(-2)/(-6). Suppose -10 = -2*q - 2*h + 2, -28 = -3*q + i*h. List the prime factors of q.
2
Let f(z) = 1 + 4*z - 1 - 1. Let w be f(3). Let p = w + -6. List the prime factors of p.
5
Suppose 5*x + 2*x = 931. What are the prime factors of x?
7, 19
Suppose -3*t = 2*t + 10. List the prime factors of (t/4)/(2/(-72)).
2, 3
Let l be (-16)/(-1)*(-1)/2. What are the prime factors of 172/14 - l/(-28)?
2, 3
Let i be 0/(-2 - -1)*-1. Suppose -5*b + 70 + 15 = i. List the prime factors of b.
17
Let c be 130/8 - (-6)/8. Suppose 5*h + 42 = c, 0 = -4*w + 3*h + 91. What are the prime factors of w?
19
Suppose 0 = 4*t - 15 - 81. List the prime factors of t.
2, 3
Suppose 4*j - 560 = 480. List the prime factors of j.
2, 5, 13
Let v = -5 + 10. Suppose j + 2 = -4*p + 14, v = j - 3*p. What are the prime factors of j?
2
Let w be 4/(-6) - (-13)/(-3). Let t(s) = -s - 10. Let k be t(w). What are the prime factors of (2/6)/(k/(-75))?
5
Suppose 5*b - 11 = -1. Suppose 38 = b*h + 2. List the prime factors of h.
2, 3
Let y = 528 - 317. List the prime factors of y.
211
Let y = 0 - -5. Let n = y + 5. List the prime factors of 186/n + (-12)/(-30).
19
Let g = -5 - 27. List the prime factors of 16/g + 30/4.
7
Suppose -243 = -5*k - 0*k - 3*r, r = -2*k + 98. List the prime factors of k.
3, 17
Let f = 23 + 116. Suppose -2*w = 8, -3*w = 3*n - w - f. What are the prime factors of n?
7
Let n be 2/5 - 248/(-5). Let r = n - 29. What are the prime factors of r?
3, 7
List the prime factors of (1/3)/(6/1044).
2, 29
Let j = -4 + 1. List the prime factors of (j - -13) + (-2)/2.
3
Let r(n) = -n**3 + 14*n**2 - 5*n. Let j be r(13). List the prime factors of j/6*3/2.
2, 13
Suppose -5*p - 29 = 2*d + 4, 4*p = -d - 24. List the prime factors of 8/20 - 73/p.
3, 5
Let j be 3 - 1/(0 - -1). Suppose j*o = -3*o - 15. Let k(z) = z**2 - 4. What are the prime factors of k(o)?
5
Suppose -3*v = 4*t - 9, -t + 5*v = -2*t - 2. Suppose -2*p - 59 = -t*p. List the prime factors of p.
59
Let i be (-85)/15*(1 - 13). Suppose -2*s - q - q = i, -2*q - 126 = 4*s. List the prime factors of (-1)/3*(s - -2).
3
Suppose -s = -0*s - 2. Suppose f = 7 - s. Suppose 0*q - 46 = -f*c + 4*q, -4 = -4*q. What are the prime factors of c?
2, 5
Suppose -4*s + 30 - 10 = 0, -185 = -5*g - 4*s. List the prime factors of g.
3, 11
Suppose -m = -7 + 1. Suppose 0*p - m = -2*p - a, p + a = 4. What are the prime factors of p/2 - (-1 + -10)?
2, 3
Suppose 0*p - 2*p = -5*m - 31, 29 = 3*p - 4*m. Suppose 5*l + p*f + 0*f = 165, -5*f = 3*l - 83. List the prime factors of l.
2, 3
List the prime factors of ((-104)/(-12))/((-10)/(-75)).
5, 13
Suppose -1 - 5 = -3*d. Suppose 8 = d*b + 2*b. List the prime factors of b.
2
Suppose 3 = y - 0. Let t(h) = -h**3 + 3*h**2 + 2. Let z be t(y). Suppose -u + 4*u = -5*w + 77, -z*w - 4*u = -28. What are the prime factors of w?
2
Let f be (-308)/16*(0 - 4). Let l = 142 - f. Suppose -4*g = g - l. List the prime factors of g.
13
Let x(f) = 7*f**2 + 2*f + 3. What are the prime factors of x(3)?
2, 3
Suppose -8 = -0*v - 4*v. Let m(g) = 7*g + 1. List the prime factors of m(v).
3, 5
Let k(y) = -2*y**3 + 2*y**2 + 5. What are the prime factors of k(-3)?
7, 11
Suppose 74 = 2*c - 0*c - 4*w, 5*c - 4*w - 185 = 0. Let x = c + -22. Suppose 5 = 5*k - x. What are the prime factors of k?
2
Suppose -3*p = -2*r - 416, 3*r + 100 + 184 = 2*p. What are the prime factors of p?
2, 17
Suppose 4 = -4*g + 340. Suppose 4*t - g = 3*v + 5*t, -4*v - 105 = -t. List the prime factors of (-6)/v*-6*-6.
2
Let s be -2 + -2 + -1 + 1. Let h be 0*(-2 - 10/s). Suppose h = -3*y - 4*o + 6, -4*y = -0*o - o - 27. What are the prime factors of y?
2, 3
Let c = -108 - -179. What are the prime factors of c?
71
Let h(q) = -q - 7. Suppose -5*s - 6*n = -3*n + 36, 2*s = 5*n - 33. Let b be h(s). Suppose 0 = 4*u - b*u - 28. What are the prime factors of u?
2, 7
Suppose 0 = -4*b - 8, b + 39 = x + 2*b. List the prime factors of x.
41
Let u = -24 - -17. What are the prime factors of (49/u)/(1/(-5))?
5, 7
Let i(d) = -d**2 - 8*d - 2. Let w be i(-7). Suppose -2*t - 22 = -4*a, -w*a + 3*t + 29 = t. What are the prime factors of a?
7
Suppose 2*f = -2*z + 22, 0*f = 4*z + f - 35. Suppose -z*n = -12*n + 72. What are the prime factors of n?
2, 3
Let d(r) = 2*r**2 - 2*r. Let p be d(-2). Let z = p + 1. What are the prime factors of z?
13
Let j(u) = 6 + 5*u**2 - 4 + 2*u**3 + 0*u**3 - 3*u. Let k be j(-4). Let b = -24 - k. What are the prime factors of b?
2, 5
Let l(f) = 2*f**2 - 3*f. Let u be l(2). Let p be (-1)/(-3 + u) + 24. Suppose 0*y = 3*q - 3*y - 12, 4*q - p = y. What are the prime factors of q?
7
Suppose -3*j - 3*v = -j - 96, 5*v = -20. List the prime factors of j.
2, 3
Let k = 3 - 2. Suppose 3*f + 2*g + 1 = 7*g, -4*g = 3*f - 17. Suppose k = -f*n + 13. List the prime factors of n.
2
Let i be (-56)/(1*(0 + -1)). What are the prime factors of 1575/i - (-1)/(-8)?
2, 7
Let o = 1 + -1. Suppose o*y = -y + 5. Suppose -y*w - 12 + 62 = 0. What are the prime factors of w?
2, 5
Suppose 0 = -2*r + 4*t - 10, 3*r = 5*t - 11 - 2. Let w be r/(-4) - (-183)/(-12). Let i = w - -22. What are the prime factors of i?
7
Let n(o) = o**3 - 3*o**2 - 5. Let i be n(4). Suppose -3*j = -4*j + 4*y + 5, -j + i = 2*y. List the prime factors of j.
3
Suppose -2*s = 4*s + 24. What are the prime factors of s + 31 + (0 - 3)?
2, 3
Suppose 0 = 5*z + 4*g + 65, 8*z + 46 = 4*z - 2*g. Let w = 8 - z. What are the prime factors of w?
17
Let o = 8 + -6. Let q be 60/(-9) + o/(-6). Let c(d) = -d**2 - 10*d - 9. What are the prime factors of c(q)?
2, 3
Let w = -69 + 87. List the prime factors of w.
2, 3
Let l(n) = -1. Let f(i) = i + 15. Let t(r) = f(r) + 4*l(r). Let j(s) = -s**2 - 5*s - 7. Let m be j(-5). What are the prime factors of t(m)?
2
Let d = -21 + 29. What are the prime factors of d?
2
Let m = -14 - -15. Let k(x) = 10*x**3 - 5*x. Let a(f) = -11*f**3 + 6*f. Let c(b) = 4*a(b) + 5*k(b). What are the prime factors of c(m)?
5
Suppose b = -b - 3*x + 13, -3*b + 4*x = -11. Suppose 4*q + b*c = 56, 4*q + c - 56 = 5*c. List the prime factors of q.
2, 7
Let r(m) = -4*m + 2. Let n be r(3). List the prime factors of (32/n - -2)*-10.
2, 3
Let z(j) = -10*j - 25. Let a(k) = 7*k + 17. Let u(d) = 7*a(d) + 5*z(d). Let c be u(-7). Suppose 3*q - c - 14 = 0. What are the prime factors of q?
5
What are the prime factors of -3 + (-2 + 81)*1?
2, 19
Let a = 5 - 1. Suppose v + 2 = 2*d - a, -4*d + 32 = 3*v. What are the prime factors of v?
2
Let f be -1*((-1 - -4) + -1). Let y be 1/f*4/(-1). Suppose 5*l - 4*h = 40, 3*h = -3*l - y*h + 61. List the prime factors of l.
2, 3
Let w be (-2 + 1)/(2/(-20)). Let i = 3 + w. List the prime factors of i.
13
Let x be ((-5)/3)/((-1)/3). Suppose x*a - 70 = 165. List the prime factors of a.
47
Let c = -1 - -1. Let u = c - 1. Let j = 7 + u. What are the prime factors of j?
2, 3
Let l(y) = y**2 - 6*y + 19. List the prime factors of l(10).
59
Let o = 40 + -20. Suppose -o = -4*f - 0. Suppose -f*q - 15 = -3*c + 17, 0 = 5*c - q - 24. What are the prime factors of c?
2
Let g = 20 + -17. Suppose -g*y + 4*v + 171 = 0, 0*y = -5*y - 4*v + 253. List the prime factors of y.
53
What are the prime factors of ((-234)/(-90) - (2 + 1))*-595?
2, 7, 17
Let q(d) = d**3 + 17*d**2 + 26*d + 19. What are the prime factors of q(-14)?
3
Let d be (1 - 0)*52/4. Suppose -5*y = y + 36. Let k = d - y. List the prime factors of k.
19
Let l(j) = -j**2 - 36*j - 19. List the prime factors of l(-28).
5, 41
Let r = 76 - 33. List the prime factors of r.
43
What are the prime factors of (-2)/(-6)*(1 - -5)?
2
Let w(g) = -g**3 - 11*g**2 - 5. Let q be w(-11). Let u = q - -4. List the prime factors of (-61)/(-4) + u/4.
3, 5
Let a(i) = 2*i**2 - 1. Let f be a(-2). Let u = f - 7. Suppose 3*c = 3*l + 4*c - 45, u = -2*l + c + 35. What are the prime factors of l?
2
Let s = 12 + -8. Suppose 0 = -s*b - 3117 + 1069. What are the prime factors of b/(-28) + 6/(-21)?
2, 3
List the prime factors of ((-306)/15)/((-2)/5).
3, 17
Let f = -58 + 110. Suppose 5*a - f = 4*g, 2*a - 3*g - 33 = -a. List the prime factors of a.
2
Let y = -58 + -1. Let q = -34 - y. Suppose -4*k = k - q. List the prime factors of k.
5
What are the prime factors of 4/(-22) + (-14668)/(-209)?
2, 5, 7
Suppose 0 = l - 2*g - 0*g - 16, 0 = -3*l - g + 34. List the prime factors of -2 - (